s + 57 = 2*s. Let r = -10 + s. List the prime factors of r.
3
Let s(r) = 7 - r**2 + 10*r**3 - 9*r**3 + 8*r**2 + 6*r. What are the prime factors of s(-6)?
7
Let m(z) = z**3 - 3*z**2 - 6*z - 5. List the prime factors of m(5).
3, 5
Suppose -3*z = -9 - 45. What are the prime factors of z?
2, 3
Suppose -154 = -i - 0*i. Suppose -5*f - 24 = -i. What are the prime factors of f?
2, 13
Let v(h) = h**2 + 4*h + 3. Let t be v(-4). Let s(m) = 6 - 4*m**2 + t*m**2 - m**2 + m + m**2. List the prime factors of s(0).
2, 3
Let x(u) = -4*u - 2. Let b be x(-4). Let k be (b/(-4) - -3)*-8. Suppose -4*m - 8 = -5*z, 0 = -m + 2*z - 1 - k. List the prime factors of m.
3
What are the prime factors of 15/(-45) - 104/(-6)?
17
Let o be 8/16 + (-7)/(-2). Suppose 5*z - o*f = 57 + 13, 3*f = -5*z + 105. What are the prime factors of z?
2, 3
Let z be 29/2 + (-5)/(-10). What are the prime factors of 212/6 + 10/z?
2, 3
Let b be (3 + -2)/((-1)/(-23)). Let l = b - -27. Suppose -v = 4*v - l. List the prime factors of v.
2, 5
Suppose 48*z - 57*z = -1314. What are the prime factors of z?
2, 73
Suppose -57 = a - 4*a. What are the prime factors of a?
19
Suppose -o = o - 4, 5*p = -4*o + 368. List the prime factors of p.
2, 3
Suppose 4*x = -2*v - 0*v + 52, -16 = -x - 2*v. Let z(a) = 8*a**2 - 1. Let s be z(-1). What are the prime factors of x/42 + 33/s?
5
Let t(l) = l**3 - 13*l**2 - 18*l - 1. List the prime factors of t(15).
179
Suppose 2*c + 30 - 38 = 0. Suppose -c*u + 184 = -0*u. List the prime factors of u.
2, 23
Let v(a) = a - 4. Let z be v(7). Suppose h + z*o = 19, -h - 62 = -5*h - 5*o. List the prime factors of h.
13
Let w(z) = -z**2 + z + 28. What are the prime factors of w(0)?
2, 7
What are the prime factors of (-71)/(-2) + 5/10?
2, 3
Let o = -7 + 12. Suppose -3*x + 60 = -o*j, -6*x + 2*j + 81 = -x. Suppose 0 = 3*s - 2*s - x. What are the prime factors of s?
3, 5
Let g = -16 + 16. Suppose 2*j + 3*l - 26 = g, j - 2*j - 5 = -3*l. List the prime factors of j.
7
Let k(n) = 4*n**2 + 4*n + 22. List the prime factors of k(-5).
2, 3, 17
Let y = -141 + 236. What are the prime factors of y?
5, 19
Let g(l) = l**3 - l**2 + l - 4. Let o be g(2). Let w be (-22)/(-2) - (-2)/(-2). Suppose t = o*t - w. List the prime factors of t.
2, 5
Let n(h) = -h**2 - 7*h - 6. Let t = 6 + -12. Let o be n(t). Suppose o = 5*w - 3*d - 54, 30 = -w + 4*w - 3*d. List the prime factors of w.
2, 3
Suppose -3*i - 3 = -4*i. Suppose -i*j + 187 = 79. List the prime factors of j.
2, 3
Let r(j) = -j**3 + 3*j**2 - 2*j + 241. List the prime factors of r(0).
241
Let q(j) = -7*j**3 - j**2 - 3*j + 5. Let g(t) = 3*t**3 + t - 2. Let x(h) = 5*g(h) + 2*q(h). What are the prime factors of x(3)?
2, 3
Let v = -4 - -5. Let u(n) = -v + n - 2 + 1. List the prime factors of u(8).
2, 3
Let m = -19 + 10. Let x be (-30)/m - 6/(-9). Suppose -x*r + 4 + 24 = 0. List the prime factors of r.
7
Let z = 163 - 56. What are the prime factors of z?
107
Suppose z = -2*z + 264. What are the prime factors of z?
2, 11
Let r(m) = m - 8. Let q be r(11). Suppose -q*v + 51 = -30. List the prime factors of v.
3
Suppose 2*a + 8 = -6. Let u = a + 2. What are the prime factors of (0 - u) + 2 + -1?
2, 3
Let m(n) = 33*n**3 + n**2 + n - 1. Let j be m(1). Let k = -6 + j. What are the prime factors of k?
2, 7
Suppose 4*d - w - 883 = -0*d, -d = -w - 217. List the prime factors of d.
2, 3, 37
Suppose 5*f - 136 = 44. What are the prime factors of f?
2, 3
Suppose -15 = -2*y - y. Suppose y*p - 60 = -0*p. List the prime factors of p/((-3)/3 - -3).
2, 3
Let p = 9 - 2. Let d = p + 17. What are the prime factors of d?
2, 3
Let n(u) = -6*u - 1. Let f be n(5). Let o = f - -16. Let w = o + 27. What are the prime factors of w?
2, 3
Suppose 5*r + 22 = 57. List the prime factors of r*(4 - 3 - 0).
7
Let r(w) = w**2 + 3*w**3 + 3*w + 7 - 2*w + 2*w**3 - 6*w**3. List the prime factors of r(0).
7
Let m be (-2)/2*(7 - 3). What are the prime factors of ((-11)/m - 2)*16?
2, 3
Let d(x) be the second derivative of x**3/2 + 3*x. List the prime factors of d(2).
2, 3
Let l(i) = -i + 12. Let d be l(10). Suppose d = -2*o + 30. Suppose 0*u = -u + o. What are the prime factors of u?
2, 7
Let i(w) = -17*w - 8. List the prime factors of i(-4).
2, 3, 5
List the prime factors of 4/(-22) + (-1656)/(-33).
2, 5
Let g(w) = -w**2 - 17*w - 47. What are the prime factors of g(-11)?
19
Suppose -2 = -3*p + 7. Suppose u - 4 = 3*u + p*h, -3*u = -4*h - 11. Suppose -3*a + 21 = 4*x + x, a - x + u = 0. List the prime factors of a.
2
Let o(i) = i**2 - 4*i - 53. List the prime factors of o(19).
2, 29
Let k(z) = -z**2 - 19*z + 4. Let c be k(-9). What are the prime factors of c*((-3)/(-6) - 0)?
47
Suppose -10*k + 45 = -9*k. What are the prime factors of k?
3, 5
Suppose -2*q + 6 + 0 = 0. Suppose 0 = -q*r - r + 84. List the prime factors of r.
3, 7
Suppose 3*g + 275 = 869. What are the prime factors of g?
2, 3, 11
Let o be (-5)/1 + 5/(-5). Let j be ((-2)/(-1) - 1) + 0. List the prime factors of (-3)/o*22 - j.
2, 5
Let f(h) = 2*h**3 - 16*h**2 - 13*h + 8. List the prime factors of f(10).
2, 139
Let a = -8 + 8. Suppose a = 2*s - 0*s - 32. List the prime factors of s.
2
Suppose -163 + 153 = -l. List the prime factors of l.
2, 5
Suppose -3*l - 2 = -110. List the prime factors of l.
2, 3
Suppose o = -2*o. Let m = o + 3. Suppose m*y + 4*h + 0 = 24, 5*y - 40 = -4*h. List the prime factors of y.
2
Let u(y) = 2*y**3 + y**2 - 1. Let c be u(2). Let v = -13 - -7. Let r = v + c. What are the prime factors of r?
13
Let r = -651 - -974. List the prime factors of r.
17, 19
Let c(z) be the third derivative of -z**6/120 - z**5/10 - z**4/4 - z**3/3 - 6*z**2. List the prime factors of c(-5).
3
List the prime factors of (-10 + -5)*10/(-3).
2, 5
Suppose 0 = -5*v + 2 + 13. Suppose -b = -6 - v. List the prime factors of ((-3)/b)/(1/(-27)).
3
Suppose -2*x + 4 = l, 2*x - 3*l - 4 = -0*x. Suppose -p + x = -0. Suppose 9 + p = m. List the prime factors of m.
11
Let x be 10/(-4)*(-8)/10. Let q be (1/x)/(2/8). Suppose -q*c + 60 = 3*c. What are the prime factors of c?
2, 3
Let g = -3 - -6. Suppose -q = g*q - 16. Suppose z = q + 6. List the prime factors of z.
2, 5
Let i(v) = -5*v + 10. Let p(t) = -4*t + 9. Let a(o) = 5*i(o) - 6*p(o). Let d be a(6). What are the prime factors of (-15)/d - (-17)/2?
2, 5
Let s(z) = z - 1. Let i be s(6). Suppose -j = 2*m - 38, -250 = -i*j + 3*m - 8. What are the prime factors of j?
2, 23
Let r(g) = 15*g - 7. List the prime factors of r(2).
23
Let y = -34 + 57. List the prime factors of y.
23
Let a(q) be the second derivative of -q**5/20 - 5*q**4/12 + q**3 + q**2 + 2*q. Let s be a(-5). Let t = s - -40. List the prime factors of t.
2, 3
Suppose -3*o + 2*h + 15 = -16, 5*o + 4*h - 59 = 0. What are the prime factors of o?
11
Let c(v) be the third derivative of v**6/120 + 3*v**5/20 + 5*v**3/6 - 11*v**2. Suppose -6 = f + 3. What are the prime factors of c(f)?
5
Suppose 4*x - 30 = x. Let q = 16 - x. List the prime factors of q.
2, 3
Let v = 0 + -9. Let d be -5*-2*(-1)/2. Let y = d - v. What are the prime factors of y?
2
List the prime factors of (-230)/(-4)*4/2.
5, 23
Suppose 0*k + 5*k + j = 9, -4*j = -2*k + 8. Suppose k*t - 20 = -2*t. What are the prime factors of t?
5
Let w(l) be the first derivative of -2*l**2 - 2*l + 1. Let t = 25 - 29. List the prime factors of w(t).
2, 7
Let l(k) = 4*k**3 - 2*k**2 + k. Suppose 5*s - 30 = 5*v, 0*s - v = -4*s + 9. Let p be l(s). List the prime factors of 13 + p*(-6)/9.
11
Suppose h + 2 = -3. Let k(x) be the third derivative of -x**6/120 - x**5/12 - x**4/8 - x**3 + 20*x**2. What are the prime factors of k(h)?
3
Let j = -119 + 308. What are the prime factors of j?
3, 7
Let k be 5*(-3 - -2 - -2). Suppose -z = q, -k*z + 0*q - 18 = -4*q. Let w(i) = i**3 + 4*i**2 - i - 1. What are the prime factors of w(z)?
3
Suppose 4*t = 5*o + 10, 4*t - 2*o - 12 = 2*o. Suppose -3*v = -t*d + 1, -2*d - 17 = -3*d - 5*v. List the prime factors of d + (3 - 3)/2.
2
Suppose -5*n = -2*n - 540. Suppose -4*v - 119 = -3*t, -t = -6*t + 3*v + n. List the prime factors of t.
3, 11
Suppose o - 10 = -4*o. Let q be 5 - (3 - 0/o). Suppose 0*d = -q*d + 22. What are the prime factors of d?
11
Let j(z) = z. Let g(b) = b**2 + 5*b - 4. Let u(a) = g(a) - 6*j(a). Let y be u(3). Suppose 0 = k + y*k - 5*p - 49, -50 = -4*k - p. List the prime facto